 of 3405987544?
4
What is the ten thousands digit of 235761044?
6
What is the hundreds digit of 285670525?
5
What is the tens digit of 25632590?
9
What is the thousands digit of 253555037?
5
What is the thousands digit of 6868611?
8
What is the hundreds digit of 89174542?
5
What is the units digit of 707285679?
9
What is the millions digit of 3867843406?
7
What is the hundred millions digit of 1632800895?
6
What is the hundreds digit of 5924560182?
1
What is the tens digit of 22325368?
6
What is the hundred thousands digit of 89882139?
8
What is the hundred millions digit of 3670156709?
6
What is the ten millions digit of 8229418271?
2
What is the millions digit of 263206931?
3
What is the hundreds digit of 315065164?
1
What is the tens digit of 31022615?
1
What is the units digit of 2567779549?
9
What is the tens digit of 622752892?
9
What is the thousands digit of 2538231659?
1
What is the units digit of 269156281?
1
What is the ten thousands digit of 578732?
7
What is the tens digit of 204200714?
1
What is the units digit of 1009726443?
3
What is the hundreds digit of 325677035?
0
What is the millions digit of 1894641?
1
What is the millions digit of 2137568291?
7
What is the units digit of 27924591?
1
What is the thousands digit of 4772406824?
6
What is the hundred thousands digit of 1826290?
8
What is the hundred millions digit of 1448938049?
4
What is the millions digit of 181333658?
1
What is the millions digit of 2044209239?
4
What is the ten millions digit of 275412182?
7
What is the hundreds digit of 845886964?
9
What is the tens digit of 176963492?
9
What is the ten millions digit of 246391047?
4
What is the tens digit of 217587636?
3
What is the hundreds digit of 67651034?
0
What is the ten millions digit of 453472981?
5
What is the ten thousands digit of 45033838?
3
What is the millions digit of 295005342?
5
What is the hundreds digit of 788937098?
0
What is the millions digit of 119865448?
9
What is the millions digit of 909190839?
9
What is the ten thousands digit of 13075342?
7
What is the thousands digit of 741515447?
5
What is the units digit of 348693979?
9
What is the hundred thousands digit of 17573389?
5
What is the millions digit of 55230439?
5
What is the ten millions digit of 48897379?
4
What is the hundred millions digit of 3565625507?
5
What is the tens digit of 90576158?
5
What is the hundred thousands digit of 17945753?
9
What is the thousands digit of 378432798?
2
What is the hundred millions digit of 1527799472?
5
What is the units digit of 682296515?
5
What is the millions digit of 129359270?
9
What is the units digit of 21259840?
0
What is the hundred millions digit of 130882050?
1
What is the ten thousands digit of 312659854?
5
What is the ten thousands digit of 99363009?
6
What is the tens digit of 2219742379?
7
What is the hundred thousands digit of 266284032?
2
What is the hundred thousands digit of 50825967?
8
What is the millions digit of 463615431?
3
What is the ten millions digit of 53083215?
5
What is the ten thousands digit of 5170008?
7
What is the ten thousands digit of 26946156?
4
What is the thousands digit of 825134827?
4
What is the thousands digit of 855883060?
3
What is the units digit of 120159328?
8
What is the ten millions digit of 1904088595?
0
What is the hundreds digit of 833023127?
1
What is the hundred thousands digit of 308160572?
1
What is the thousands digit of 72915823?
5
What is the hundred millions digit of 7882417114?
8
What is the ten thousands digit of 42107875?
0
What is the ten millions digit of 225051827?
2
What is the hundreds digit of 155267365?
3
What is the hundred thousands digit of 5837207852?
2
What is the billions digit of 1665336143?
1
What is the units digit of 659267851?
1
What is the hundred millions digit of 514000494?
5
What is the units digit of 465830839?
9
What is the billions digit of 4277351829?
4
What is the ten thousands digit of 122690975?
9
What is the hundreds digit of 3425894?
8
What is the billions digit of 1591168571?
1
What is the hundred thousands digit of 443472087?
4
What is the hundreds digit of 2955319091?
0
What is the ten thousands digit of 95222115?
2
What is the millions digit of 34777276?
4
What is the ten thousands digit of 201456918?
5
What is the millions digit of 317074810?
7
What is the hundreds digit of 47946309?
3
What is the hundreds digit of 61851004?
0
What is the thousands digit of 618760350?
0
What is the hundred thousands digit of 31774087?
7
What is the hundred thousands digit of 22080851?
0
What is the hundred thousands digit of 1728724733?
7
What is the thousands digit of 43750361?
0
What is the millions digit of 60131317?
0
What is the ten millions digit of 652508758?
5
What is the tens digit of 51651564?
6
What is the hundreds digit of 639403142?
1
What is the hundreds digit of 226013620?
6
What is the units digit of 59844604?
4
What is the ten millions digit of 347528971?
4
What is the ten thousands digit of 862449671?
4
What is the millions digit of 6072874?
6
What is the ten thousands digit of 1281869109?
6
What is the hundreds digit of 1209047858?
8
What is the millions digit of 1481008287?
1
What is the ten thousands digit of 512390748?
9
What is the ten millions digit of 115886926?
1
What is the ten thousands digit of 79739161?
3
What is the hundreds digit of 476643441?
4
What is the millions digit of 152736870?
2
What is the units digit of 168667549?
9
What is the hundreds digit of 252497843?
8
What is the tens digit of 3245946224?
2
What is the millions digit of 56632065?
6
What is the ten thousands digit of 970791259?
9
What is the thousands digit of 37130872?
0
What is the millions digit of 73567533?
3
What is the ten thousands digit of 2754791897?
9
What is the billions digit of 5937597749?
5
What is the hundreds digit of 128664909?
9
What is the hundred thousands digit of 62870629?
8
What is the thousands digit of 2016051105?
1
What is the hundreds digit of 491688698?
6
What is the hundred thousands digit of 22296922?
2
What is the millions digit of 823599813?
3
What is the hundred thousands digit of 984834065?
8
What is the tens digit of 438979168?
6
What is the ten thousands digit of 4065347242?
4
What is the ten thousands digit of 285604242?
0
What is the ten thousands digit of 1297391597?
9
What is the ten millions digit of 43184658?
4
What is the millions digit of 51067576?
1
What is the hundred millions digit of 154614139?
1
What is the millions digit of 306213212?
6
What is the hundred thousands digit of 6231983417?
9
What is the ten millions digit of 2539942982?
3
What is the hundreds digit of 583306029?
0
What is the hundreds digit of 316964685?
6
What is the thousands digit of 6982853851?
3
What is the millions digit of 6795172?
6
What is the ten thousands digit of 22136281?
3
What is the tens digit of 19296787?
8
What is the units digit of 770732595?
5
What is the ten millions digit of 38843321?
3
What is the millions digit of 197108687?
7
What is the units digit of 806440810?
0
What is the hundred thousands digit of 59599252?
5
What is the hundred thousands digit of 196892819?
8
What is the hundreds digit of 1316200744?
7
What is the thousands digit of 260604173?
4
What is the hundreds digit of 4144139039?
0
What is the ten thousands digit of 24294353?
9
What is the millions digit of 3713670341?
3
What is the ten thousands digit of 305943111?
4
What is the millions digit of 635091256?
5
What is the tens digit of 300138377?
7
What is the ten millions digit of 390684213?
9
What is the hundred thousands digit of 596802245?
8
What is the hundred thousands digit of 23133707?
1
What is the millions digit of 384098335?
4
What is the units digit of 837889532?
2
What is the tens digit of 2726171?
7
What is the millions digit of 37312005?
7
What is the hundred thousands digit of 4519502520?
5
What is the thousands digit of 31862536?
2
What is the hundred thousands digit of 103607076?
6
What is the units digit of 1291286083?
3
What is the millions digit of 2324425316?
4
What is the tens digit of 2097812607?
0
What is the hundred millions digit of 4406391541?
4
What is the hundred millions digit of 204361830?
2
What is the tens digit of 770729058?
5
What is the tens digit of 3959739656?
5
What is the u